ded by 35?
12
What is the remainder when 2797 is divided by 165?
157
Calculate the remainder when 37 is divided by 20.
17
Calculate the remainder when 994 is divided by 201.
190
Calculate the remainder when 339 is divided by 65.
14
Calculate the remainder when 104 is divided by 15.
14
Calculate the remainder when 47 is divided by 12.
11
Calculate the remainder when 2101 is divided by 92.
77
Calculate the remainder when 833 is divided by 5.
3
What is the remainder when 1617 is divided by 802?
13
What is the remainder when 642 is divided by 23?
21
Calculate the remainder when 6770 is divided by 40.
10
What is the remainder when 145 is divided by 35?
5
Calculate the remainder when 598 is divided by 585.
13
What is the remainder when 4092 is divided by 89?
87
What is the remainder when 2237 is divided by 745?
2
What is the remainder when 1283 is divided by 56?
51
Calculate the remainder when 3719 is divided by 17.
13
What is the remainder when 36 is divided by 28?
8
Calculate the remainder when 3022 is divided by 72.
70
Calculate the remainder when 330 is divided by 17.
7
What is the remainder when 10789 is divided by 152?
149
Calculate the remainder when 344 is divided by 88.
80
What is the remainder when 1930 is divided by 137?
12
Calculate the remainder when 358 is divided by 20.
18
What is the remainder when 1918 is divided by 113?
110
Calculate the remainder when 1680 is divided by 99.
96
What is the remainder when 113 is divided by 44?
25
Calculate the remainder when 928 is divided by 77.
4
What is the remainder when 551 is divided by 93?
86
Calculate the remainder when 22780 is divided by 256.
252
Calculate the remainder when 88 is divided by 84.
4
What is the remainder when 880 is divided by 22?
0
Calculate the remainder when 1588 is divided by 29.
22
What is the remainder when 164 is divided by 52?
8
Calculate the remainder when 1129 is divided by 555.
19
What is the remainder when 1091 is divided by 42?
41
Calculate the remainder when 180 is divided by 79.
22
What is the remainder when 68 is divided by 37?
31
Calculate the remainder when 1590 is divided by 177.
174
Calculate the remainder when 117 is divided by 24.
21
What is the remainder when 1832 is divided by 457?
4
Calculate the remainder when 9471 is divided by 10.
1
Calculate the remainder when 2981 is divided by 496.
5
Calculate the remainder when 1159 is divided by 53.
46
Calculate the remainder when 33 is divided by 9.
6
Calculate the remainder when 1317 is divided by 15.
12
What is the remainder when 688 is divided by 30?
28
Calculate the remainder when 1000 is divided by 92.
80
Calculate the remainder when 876 is divided by 24.
12
What is the remainder when 2109 is divided by 24?
21
What is the remainder when 2915 is divided by 18?
17
Calculate the remainder when 331 is divided by 86.
73
Calculate the remainder when 412 is divided by 146.
120
What is the remainder when 1222 is divided by 149?
30
Calculate the remainder when 213 is divided by 106.
1
What is the remainder when 403 is divided by 191?
21
Calculate the remainder when 370 is divided by 11.
7
Calculate the remainder when 54323 is divided by 46.
43
What is the remainder when 1447 is divided by 95?
22
What is the remainder when 888 is divided by 181?
164
What is the remainder when 142 is divided by 109?
33
What is the remainder when 379 is divided by 48?
43
What is the remainder when 5681 is divided by 945?
11
What is the remainder when 972 is divided by 570?
402
Calculate the remainder when 1725 is divided by 27.
24
Calculate the remainder when 1043 is divided by 23.
8
What is the remainder when 158 is divided by 33?
26
What is the remainder when 302 is divided by 61?
58
Calculate the remainder when 349 is divided by 9.
7
Calculate the remainder when 2071 is divided by 63.
55
Calculate the remainder when 276 is divided by 30.
6
What is the remainder when 1143 is divided by 104?
103
Calculate the remainder when 6633 is divided by 237.
234
What is the remainder when 84 is divided by 61?
23
What is the remainder when 413 is divided by 10?
3
Calculate the remainder when 239 is divided by 24.
23
What is the remainder when 742 is divided by 179?
26
Calculate the remainder when 172 is divided by 95.
77
What is the remainder when 623 is divided by 60?
23
What is the remainder when 554 is divided by 113?
102
What is the remainder when 268 is divided by 136?
132
What is the remainder when 89 is divided by 24?
17
Calculate the remainder when 120 is divided by 28.
8
What is the remainder when 1056 is divided by 38?
30
Calculate the remainder when 39 is divided by 7.
4
Calculate the remainder when 1215 is divided by 86.
11
What is the remainder when 1296 is divided by 333?
297
What is the remainder when 318 is divided by 12?
6
Calculate the remainder when 47 is divided by 5.
2
What is the remainder when 214 is divided by 44?
38
Calculate the remainder when 50 is divided by 18.
14
Calculate the remainder when 172 is divided by 83.
6
What is the remainder when 236 is divided by 32?
12
What is the remainder when 267 is divided by 65?
7
What is the remainder when 1023 is divided by 506?
11
Calculate the remainder when 49 is divided by 17.
15
What is the remainder when 74 is divided by 21?
11
What is the remainder when 362 is divided by 61?
57
Calculate the remainder when 63 is divided by 7.
0
Calculate the remainder when 122 is divided by 116.
6
Calculate the remainder when 176 is divided by 60.
56
What is the remainder when 653 is divided by 81?
5
What is the remainder when 598 is divided by 12?
10
What is the remainder when 657 is divided by 15?
12
What is the remainder when 2879 is divided by 240?
239
What is the remainder when 385 is divided by 129?
127
What is the remainder when 316 is divided by 20?
16
Calculate the remainder when 254 is divided by 43.
39
What is the remainder when 46 is divided by 8?
6
Calculate the remainder when 627 is divided by 35.
32
Calculate the remainder when 26635 is divided by 360.
355
What is the remainder when 824 is divided by 758?
66
Calculate the remainder when 498 is divided by 63.
57
What is the remainder when 201 is divided by 191?
10
What is the remainder when 4406 is divided by 24?
14
Calculate the remainder when 5251 is divided by 101.
100
What is the remainder when 1976 is divided by 132?
128
What is the remainder when 778 is divided by 52?
50
Calculate the remainder when 216 is divided by 42.
6
Calculate the remainder when 1049 is divided by 8.
1
What is the remainder when 198 is divided by 14?
2
Calculate the remainder when 256 is divided by 73.
37
Calculate the remainder when 9917 is divided by 13.
11
What is the remainder when 4080 is divided by 11?
10
Calculate the remainder when 10 is divided by 8.
2
What is the remainder when 247 is divided by 21?
16
What is the remainder when 238 is divided by 71?
25
What is the remainder when 461 is divided by 116?
113
What is the remainder when 1930 is divided by 241?
2
Calculate the remainder when 228 is divided by 24.
12
Calculate the remainder when 1256 is divided by 217.
171
Calculate the remainder when 593 is divided by 66.
65
Calculate the remainder when 35 is divided by 16.
3
What is the remainder when 910 is divided by 11?
8
What is the remainder when 108 is divided by 21?
3
What is the remainder when 1584 is divided by 100?
84
What is the remainder when 418 is divided by 84?
82
Calculate the remainder when 24 is divided by 2.
0
Calculate the remainder when 122 is divided by 4.
2
Calculate the remainder when 195 is divided by 8.
3
What is the remainder when 1141 is divided by 278?
29
Calculate the remainder when 763 is divided by 2.
1
Calculate the remainder when 296 is divided by 12.
8
Calculate the remainder when 57 is divided by 16.
9
What is the remainder when 639 is divided by 16?
15
Calculate the remainder when 116 is divided by 31.
23
Calculate the remainder when 46 is divided by 25.
21
What is the remainder when 5348 is divided by 50?
48
What is the remainder when 127 is divided by 10?
7
What is the remainder when 8457 is divided by 9?
6
Calculate the remainder when 183 is divided by 15.
3
Calculate the remainder when 234 is divided by 17.
13
Calculate the remainder when 1712 is divided by 566.
14
What is the remainder when 